{"id":345,"date":"2020-02-13T14:26:49","date_gmt":"2020-02-13T14:26:49","guid":{"rendered":"http:\/\/dagmar.welscher.info\/?page_id=345"},"modified":"2021-12-15T08:47:32","modified_gmt":"2021-12-15T08:47:32","slug":"kosmolitonbilder","status":"publish","type":"page","link":"https:\/\/dagmar.welscher.info\/?page_id=345","title":{"rendered":"MOTIVE AUF LEINWAND"},"content":{"rendered":"\n<figure class=\"wp-block-gallery columns-3 is-cropped wp-block-gallery-1 is-layout-flex\"><ul class=\"blocks-gallery-grid\"><li class=\"blocks-gallery-item\"><figure><img decoding=\"async\" loading=\"lazy\" width=\"709\" height=\"709\" src=\"https:\/\/dagmar.welscher.info\/wp-content\/uploads\/2021\/11\/InResonanz-InResonanz.jpg\" alt=\"\" data-id=\"816\" data-full-url=\"https:\/\/dagmar.welscher.info\/wp-content\/uploads\/2021\/11\/InResonanz-InResonanz.jpg\" data-link=\"https:\/\/dagmar.welscher.info\/?attachment_id=816\" class=\"wp-image-816\" srcset=\"https:\/\/dagmar.welscher.info\/wp-content\/uploads\/2021\/11\/InResonanz-InResonanz.jpg 709w, https:\/\/dagmar.welscher.info\/wp-content\/uploads\/2021\/11\/InResonanz-InResonanz-300x300.jpg 300w, https:\/\/dagmar.welscher.info\/wp-content\/uploads\/2021\/11\/InResonanz-InResonanz-150x150.jpg 150w\" sizes=\"(max-width: 709px) 100vw, 709px\" \/><\/figure><\/li><li class=\"blocks-gallery-item\"><figure><img decoding=\"async\" loading=\"lazy\" width=\"709\" height=\"709\" src=\"https:\/\/dagmar.welscher.info\/wp-content\/uploads\/2021\/11\/InResonanz-Liebe.jpg\" alt=\"\" data-id=\"811\" data-link=\"https:\/\/dagmar.welscher.info\/?attachment_id=811\" class=\"wp-image-811\" srcset=\"https:\/\/dagmar.welscher.info\/wp-content\/uploads\/2021\/11\/InResonanz-Liebe.jpg 709w, https:\/\/dagmar.welscher.info\/wp-content\/uploads\/2021\/11\/InResonanz-Liebe-300x300.jpg 300w, https:\/\/dagmar.welscher.info\/wp-content\/uploads\/2021\/11\/InResonanz-Liebe-150x150.jpg 150w\" sizes=\"(max-width: 709px) 100vw, 709px\" \/><\/figure><\/li><li class=\"blocks-gallery-item\"><figure><img decoding=\"async\" loading=\"lazy\" width=\"709\" height=\"709\" src=\"https:\/\/dagmar.welscher.info\/wp-content\/uploads\/2021\/11\/InResonanz-Leichtigkeit.jpg\" alt=\"\" data-id=\"810\" data-link=\"https:\/\/dagmar.welscher.info\/?attachment_id=810\" class=\"wp-image-810\" srcset=\"https:\/\/dagmar.welscher.info\/wp-content\/uploads\/2021\/11\/InResonanz-Leichtigkeit.jpg 709w, https:\/\/dagmar.welscher.info\/wp-content\/uploads\/2021\/11\/InResonanz-Leichtigkeit-300x300.jpg 300w, https:\/\/dagmar.welscher.info\/wp-content\/uploads\/2021\/11\/InResonanz-Leichtigkeit-150x150.jpg 150w\" sizes=\"(max-width: 709px) 100vw, 709px\" \/><\/figure><\/li><li class=\"blocks-gallery-item\"><figure><img decoding=\"async\" loading=\"lazy\" width=\"709\" height=\"709\" src=\"https:\/\/dagmar.welscher.info\/wp-content\/uploads\/2021\/11\/InResonanz-Selbsterma\u0308chtigung.jpg\" alt=\"\" data-id=\"812\" data-link=\"https:\/\/dagmar.welscher.info\/?attachment_id=812\" class=\"wp-image-812\" srcset=\"https:\/\/dagmar.welscher.info\/wp-content\/uploads\/2021\/11\/InResonanz-Selbsterma\u0308chtigung.jpg 709w, https:\/\/dagmar.welscher.info\/wp-content\/uploads\/2021\/11\/InResonanz-Selbsterma\u0308chtigung-300x300.jpg 300w, https:\/\/dagmar.welscher.info\/wp-content\/uploads\/2021\/11\/InResonanz-Selbsterma\u0308chtigung-150x150.jpg 150w\" sizes=\"(max-width: 709px) 100vw, 709px\" \/><\/figure><\/li><li class=\"blocks-gallery-item\"><figure><img decoding=\"async\" loading=\"lazy\" width=\"709\" height=\"709\" src=\"https:\/\/dagmar.welscher.info\/wp-content\/uploads\/2021\/11\/InResonanz-Vertrauen.jpg\" alt=\"\" data-id=\"813\" data-link=\"https:\/\/dagmar.welscher.info\/?attachment_id=813\" class=\"wp-image-813\" srcset=\"https:\/\/dagmar.welscher.info\/wp-content\/uploads\/2021\/11\/InResonanz-Vertrauen.jpg 709w, https:\/\/dagmar.welscher.info\/wp-content\/uploads\/2021\/11\/InResonanz-Vertrauen-300x300.jpg 300w, https:\/\/dagmar.welscher.info\/wp-content\/uploads\/2021\/11\/InResonanz-Vertrauen-150x150.jpg 150w\" sizes=\"(max-width: 709px) 100vw, 709px\" \/><\/figure><\/li><li class=\"blocks-gallery-item\"><figure><img decoding=\"async\" loading=\"lazy\" width=\"709\" height=\"709\" src=\"https:\/\/dagmar.welscher.info\/wp-content\/uploads\/2021\/11\/InResonanz-Dynamik-1.jpg\" alt=\"\" data-id=\"815\" data-link=\"https:\/\/dagmar.welscher.info\/?attachment_id=815\" class=\"wp-image-815\" srcset=\"https:\/\/dagmar.welscher.info\/wp-content\/uploads\/2021\/11\/InResonanz-Dynamik-1.jpg 709w, https:\/\/dagmar.welscher.info\/wp-content\/uploads\/2021\/11\/InResonanz-Dynamik-1-300x300.jpg 300w, https:\/\/dagmar.welscher.info\/wp-content\/uploads\/2021\/11\/InResonanz-Dynamik-1-150x150.jpg 150w\" sizes=\"(max-width: 709px) 100vw, 709px\" \/><\/figure><\/li><\/ul><\/figure>\n\n\n\n<p>BEISPIELE.: <br>In Resonanz | Liebe | Leichtigkeit | Selbsterm\u00e4chtigung | Vertrauen | Dynamik<\/p>\n\n\n\n<p>Diese und viele weitere Motive (bitte fragen Sie nach!) k\u00f6nnen als hochwertige Reproduktionen &#8211; handsigniert &#8211; auf Leinwand\/Keilrahmen im Format  30 x 30, 40 x 40 cm oder 50 x 50 cm bestellt werden. <br>(Preise, Formate und Lieferzeiten auf Anfrage: dagmar(at)welscher.info | 09261 9666886)<\/p>\n\n\n\n<p>Um m\u00f6glicht vielen Menschen Zugang zu RESONANZbildern zu erm\u00f6glichen, die selbst nicht malen m\u00f6chten, nutze ich die M\u00f6glichkeit des digitalen Druckens. In verschiedenen Formaten &#8211; auch gerne in Ihrem Wunschformat wenn m\u00f6glich  &#8211; werden sie auf leinwand gedruckt und von mir handsigniert. <\/p>\n\n\n\n<p>Gerne male ich auch f\u00fcr Sie ihr ganz pers\u00f6nliches RESONANZbild, vielleicht Ihren Namen, oder Ihren Geburtstag. Oder z.B. als Hochzeitsgeschenk die Namen der Brautleute &#8211; es gibt so viele M\u00f6glichkeiten\u2026 <br>(Preise, Formate und Lieferzeiten auf Anfrage: dagmar(at)welscher.info | 09261 9666886)<\/p>\n\n\n\n<p><\/p>\n\n\n\n<figure class=\"wp-block-image size-large\"><img decoding=\"async\" loading=\"lazy\" width=\"1013\" height=\"1024\" src=\"https:\/\/dagmar.welscher.info\/wp-content\/uploads\/2021\/12\/Bild-auf-Keilrahmen-1013x1024.jpg\" alt=\"\" class=\"wp-image-847\" srcset=\"https:\/\/dagmar.welscher.info\/wp-content\/uploads\/2021\/12\/Bild-auf-Keilrahmen-1013x1024.jpg 1013w, https:\/\/dagmar.welscher.info\/wp-content\/uploads\/2021\/12\/Bild-auf-Keilrahmen-297x300.jpg 297w, https:\/\/dagmar.welscher.info\/wp-content\/uploads\/2021\/12\/Bild-auf-Keilrahmen-768x776.jpg 768w, https:\/\/dagmar.welscher.info\/wp-content\/uploads\/2021\/12\/Bild-auf-Keilrahmen-1520x1536.jpg 1520w, https:\/\/dagmar.welscher.info\/wp-content\/uploads\/2021\/12\/Bild-auf-Keilrahmen-2027x2048.jpg 2027w, https:\/\/dagmar.welscher.info\/wp-content\/uploads\/2021\/12\/Bild-auf-Keilrahmen-1024x1035.jpg 1024w, https:\/\/dagmar.welscher.info\/wp-content\/uploads\/2021\/12\/Bild-auf-Keilrahmen-1069x1080.jpg 1069w\" sizes=\"(max-width: 1013px) 100vw, 1013px\" \/><figcaption>Heilung &amp; Frieden | Hochwertiger Digitaldruck auf Leinwand, signiert.<\/figcaption><\/figure>\n\n\n\n<figure class=\"wp-block-image size-full\"><img decoding=\"async\" loading=\"lazy\" width=\"2370\" height=\"2204\" src=\"https:\/\/dagmar.welscher.info\/wp-content\/uploads\/2021\/11\/KeilrahmenaWand-22-Abb.jpg\" alt=\"\" class=\"wp-image-814\" srcset=\"https:\/\/dagmar.welscher.info\/wp-content\/uploads\/2021\/11\/KeilrahmenaWand-22-Abb.jpg 2370w, https:\/\/dagmar.welscher.info\/wp-content\/uploads\/2021\/11\/KeilrahmenaWand-22-Abb-300x279.jpg 300w, https:\/\/dagmar.welscher.info\/wp-content\/uploads\/2021\/11\/KeilrahmenaWand-22-Abb-1024x952.jpg 1024w, https:\/\/dagmar.welscher.info\/wp-content\/uploads\/2021\/11\/KeilrahmenaWand-22-Abb-768x714.jpg 768w, https:\/\/dagmar.welscher.info\/wp-content\/uploads\/2021\/11\/KeilrahmenaWand-22-Abb-1536x1428.jpg 1536w, https:\/\/dagmar.welscher.info\/wp-content\/uploads\/2021\/11\/KeilrahmenaWand-22-Abb-2048x1905.jpg 2048w, https:\/\/dagmar.welscher.info\/wp-content\/uploads\/2021\/11\/KeilrahmenaWand-22-Abb-1161x1080.jpg 1161w\" sizes=\"(max-width: 2370px) 100vw, 2370px\" \/><figcaption>Neue Kraft | Hochwertiger Digitaldruck auf Leinwand, signiert, Seiten kontrastierend<\/figcaption><\/figure>\n","protected":false},"excerpt":{"rendered":"<p>BEISPIELE.: In Resonanz | Liebe | Leichtigkeit | Selbsterm\u00e4chtigung | Vertrauen | Dynamik Diese und viele weitere Motive (bitte fragen Sie nach!) k\u00f6nnen als hochwertige Reproduktionen &#8211; handsigniert &#8211; auf Leinwand\/Keilrahmen im Format 30 x 30, 40 x 40 cm oder 50 x 50 cm bestellt werden. (Preise, Formate und Lieferzeiten auf Anfrage: dagmar(at)welscher.info |&hellip; <br \/> <a class=\"read-more\" href=\"https:\/\/dagmar.welscher.info\/?page_id=345\">Read more<\/a><\/p>\n","protected":false},"author":1,"featured_media":0,"parent":0,"menu_order":0,"comment_status":"closed","ping_status":"closed","template":"","meta":[],"_links":{"self":[{"href":"https:\/\/dagmar.welscher.info\/index.php?rest_route=\/wp\/v2\/pages\/345"}],"collection":[{"href":"https:\/\/dagmar.welscher.info\/index.php?rest_route=\/wp\/v2\/pages"}],"about":[{"href":"https:\/\/dagmar.welscher.info\/index.php?rest_route=\/wp\/v2\/types\/page"}],"author":[{"embeddable":true,"href":"https:\/\/dagmar.welscher.info\/index.php?rest_route=\/wp\/v2\/users\/1"}],"replies":[{"embeddable":true,"href":"https:\/\/dagmar.welscher.info\/index.php?rest_route=%2Fwp%2Fv2%2Fcomments&post=345"}],"version-history":[{"count":23,"href":"https:\/\/dagmar.welscher.info\/index.php?rest_route=\/wp\/v2\/pages\/345\/revisions"}],"predecessor-version":[{"id":862,"href":"https:\/\/dagmar.welscher.info\/index.php?rest_route=\/wp\/v2\/pages\/345\/revisions\/862"}],"wp:attachment":[{"href":"https:\/\/dagmar.welscher.info\/index.php?rest_route=%2Fwp%2Fv2%2Fmedia&parent=345"}],"curies":[{"name":"wp","href":"https:\/\/api.w.org\/{rel}","templated":true}]}}